he remainder when 318 is divided by 97?
27
Calculate the remainder when 4558 is divided by 60.
58
Calculate the remainder when 195 is divided by 49.
48
Calculate the remainder when 415 is divided by 32.
31
Calculate the remainder when 18702 is divided by 167.
165
What is the remainder when 176 is divided by 18?
14
What is the remainder when 627 is divided by 102?
15
Calculate the remainder when 13 is divided by 11.
2
Calculate the remainder when 2101 is divided by 106.
87
Calculate the remainder when 1134 is divided by 76.
70
Calculate the remainder when 249 is divided by 73.
30
Calculate the remainder when 2495 is divided by 49.
45
What is the remainder when 385 is divided by 107?
64
What is the remainder when 989 is divided by 11?
10
Calculate the remainder when 350 is divided by 10.
0
Calculate the remainder when 167 is divided by 34.
31
Calculate the remainder when 176 is divided by 67.
42
What is the remainder when 144 is divided by 22?
12
What is the remainder when 2497 is divided by 829?
10
What is the remainder when 83 is divided by 31?
21
What is the remainder when 53 is divided by 13?
1
Calculate the remainder when 862 is divided by 48.
46
Calculate the remainder when 2942 is divided by 25.
17
Calculate the remainder when 263 is divided by 50.
13
What is the remainder when 108 is divided by 36?
0
What is the remainder when 1529 is divided by 482?
83
Calculate the remainder when 565 is divided by 44.
37
Calculate the remainder when 31 is divided by 18.
13
What is the remainder when 4343 is divided by 8?
7
Calculate the remainder when 765 is divided by 380.
5
What is the remainder when 390 is divided by 225?
165
Calculate the remainder when 69 is divided by 35.
34
What is the remainder when 5771 is divided by 13?
12
Calculate the remainder when 648 is divided by 24.
0
Calculate the remainder when 3749 is divided by 5.
4
Calculate the remainder when 73 is divided by 16.
9
What is the remainder when 110 is divided by 7?
5
What is the remainder when 1176 is divided by 20?
16
Calculate the remainder when 27 is divided by 12.
3
Calculate the remainder when 543 is divided by 61.
55
What is the remainder when 822 is divided by 69?
63
What is the remainder when 25 is divided by 12?
1
What is the remainder when 349 is divided by 177?
172
Calculate the remainder when 448 is divided by 30.
28
What is the remainder when 1630 is divided by 11?
2
What is the remainder when 10811 is divided by 106?
105
What is the remainder when 19193 is divided by 237?
233
What is the remainder when 121 is divided by 26?
17
Calculate the remainder when 10713 is divided by 134.
127
Calculate the remainder when 523 is divided by 509.
14
Calculate the remainder when 312 is divided by 115.
82
Calculate the remainder when 156 is divided by 33.
24
What is the remainder when 133 is divided by 39?
16
Calculate the remainder when 179 is divided by 17.
9
Calculate the remainder when 9501 is divided by 24.
21
Calculate the remainder when 34 is divided by 16.
2
Calculate the remainder when 552 is divided by 134.
16
What is the remainder when 738 is divided by 106?
102
What is the remainder when 579 is divided by 188?
15
What is the remainder when 8 is divided by 1?
0
Calculate the remainder when 425 is divided by 97.
37
What is the remainder when 2293 is divided by 1142?
9
What is the remainder when 472 is divided by 6?
4
Calculate the remainder when 89 is divided by 26.
11
Calculate the remainder when 188 is divided by 25.
13
Calculate the remainder when 259 is divided by 53.
47
What is the remainder when 105 is divided by 48?
9
Calculate the remainder when 125 is divided by 67.
58
Calculate the remainder when 675 is divided by 4.
3
What is the remainder when 1702 is divided by 71?
69
What is the remainder when 111 is divided by 58?
53
What is the remainder when 320 is divided by 82?
74
What is the remainder when 111 is divided by 16?
15
What is the remainder when 122 is divided by 40?
2
Calculate the remainder when 55 is divided by 21.
13
What is the remainder when 1090 is divided by 52?
50
What is the remainder when 1426 is divided by 84?
82
What is the remainder when 185 is divided by 51?
32
Calculate the remainder when 30 is divided by 17.
13
What is the remainder when 22079 is divided by 12?
11
What is the remainder when 8576 is divided by 286?
282
Calculate the remainder when 1007 is divided by 69.
41
What is the remainder when 31848 is divided by 91?
89
What is the remainder when 72 is divided by 23?
3
What is the remainder when 28 is divided by 24?
4
What is the remainder when 767 is divided by 220?
107
What is the remainder when 141 is divided by 43?
12
What is the remainder when 583 is divided by 64?
7
Calculate the remainder when 260 is divided by 78.
26
What is the remainder when 1319 is divided by 44?
43
What is the remainder when 431 is divided by 54?
53
What is the remainder when 63 is divided by 50?
13
Calculate the remainder when 135 is divided by 51.
33
Calculate the remainder when 247 is divided by 25.
22
Calculate the remainder when 160 is divided by 86.
74
Calculate the remainder when 269 is divided by 93.
83
Calculate the remainder when 173 is divided by 18.
11
What is the remainder when 116 is divided by 60?
56
Calculate the remainder when 568 is divided by 271.
26
What is the remainder when 600 is divided by 32?
24
Calculate the remainder when 1475 is divided by 7.
5
Calculate the remainder when 895 is divided by 39.
37
Calculate the remainder when 109 is divided by 37.
35
What is the remainder when 171 is divided by 6?
3
Calculate the remainder when 501 is divided by 36.
33
What is the remainder when 746 is divided by 4?
2
What is the remainder when 242 is divided by 120?
2
What is the remainder when 15338 is divided by 20?
18
What is the remainder when 441 is divided by 3?
0
What is the remainder when 222 is divided by 16?
14
What is the remainder when 606 is divided by 27?
12
Calculate the remainder when 76 is divided by 20.
16
What is the remainder when 790 is divided by 45?
25
What is the remainder when 485 is divided by 274?
211
What is the remainder when 129 is divided by 19?
15
Calculate the remainder when 132 is divided by 54.
24
What is the remainder when 125 is divided by 21?
20
Calculate the remainder when 511 is divided by 57.
55
What is the remainder when 86 is divided by 30?
26
What is the remainder when 297 is divided by 3?
0
What is the remainder when 997 is divided by 37?
35
What is the remainder when 3627 is divided by 55?
52
Calculate the remainder when 117 is divided by 22.
7
Calculate the remainder when 1927 is divided by 457.
99
Calculate the remainder when 689 is divided by 53.
0
What is the remainder when 2531 is divided by 14?
11
Calculate the remainder when 44 is divided by 25.
19
Calculate the remainder when 39 is divided by 24.
15
Calculate the remainder when 137 is divided by 30.
17
What is the remainder when 35 is divided by 9?
8
Calculate the remainder when 2303 is divided by 32.
31
What is the remainder when 154 is divided by 80?
74
What is the remainder when 5536 is divided by 213?
211
Calculate the remainder when 1115 is divided by 18.
17
Calculate the remainder when 1756 is divided by 89.
65
Calculate the remainder when 57 is divided by 6.
3
What is the remainder when 6885 is divided by 12?
9
What is the remainder when 310 is divided by 80?
70
What is the remainder when 55 is divided by 20?
15
Calculate the remainder when 236 is divided by 49.
40
What is the remainder when 1674 is divided by 295?
199
Calculate the remainder when 64 is divided by 20.
4
Calculate the remainder when 267 is divided by 12.
3
What is the remainder when 261 is divided by 53?
49
What is the remainder when 170 is divided by 12?
2
Calculate the remainder when 589 is divided by 153.
130
Calculate the remainder when 330 is divided by 264.
66
What is the remainder when 312 is divided by 56?
32
What is the remainder when 192 is divided by 75?
42
Calculate the remainder when 1366 is divided by 226.
10
Calculate the remainder when 187 is divided by 127.
60
What is the remainder when 683 is divided by 174?
161
Calculate the remainder when 62 is divided by 9.
8
What is the remainder when 879 is divided by 21?
18
Calculate the remainder when 15 is 